{"id":4598,"date":"2025-11-07T11:08:15","date_gmt":"2025-11-06T22:08:15","guid":{"rendered":"https:\/\/anglicanhistories.org\/?page_id=4598"},"modified":"2026-03-10T11:41:56","modified_gmt":"2026-03-09T22:41:56","slug":"patoromu-church-te-tairawhiti","status":"publish","type":"page","link":"https:\/\/anglicanhistories.org\/tonga\/taonga-stories\/anglicancreativity\/patoromu-church-te-tairawhiti\/","title":{"rendered":"P\u0101toromu Church, Wh\u0101ng\u0101r\u0101 Mai Tawhiti, Te Tair\u0101whiti"},"content":{"rendered":"","protected":false},"excerpt":{"rendered":"","protected":false},"author":5,"featured_media":0,"parent":4585,"menu_order":0,"comment_status":"closed","ping_status":"closed","template":"","meta":{"_acf_changed":false,"inline_featured_image":false,"footnotes":""},"class_list":["post-4598","page","type-page","status-publish","hentry"],"acf":[],"yoast_head":"<!-- This site is optimized with the Yoast SEO plugin v27.3 - https:\/\/yoast.com\/product\/yoast-seo-wordpress\/ -->\n<title>3D walkthrough: P\u0101toromu Church, Te Tair\u0101whiti | Anglican Histories<\/title>\n<meta name=\"description\" content=\"We invite you to virtually enter P\u0101toromu, where you can explore the space and hear stories from people with a long connection to the church.\" \/>\n<meta name=\"robots\" content=\"index, follow, max-snippet:-1, max-image-preview:large, max-video-preview:-1\" \/>\n<link rel=\"canonical\" href=\"https:\/\/anglicanhistories.org\/tonga\/taonga-stories\/anglicancreativity\/patoromu-church-te-tairawhiti\/\" \/>\n<meta property=\"og:locale\" content=\"en_US\" \/>\n<meta property=\"og:type\" content=\"article\" \/>\n<meta property=\"og:title\" content=\"3D walkthrough: P\u0101toromu Church, Te Tair\u0101whiti | Anglican Histories\" \/>\n<meta property=\"og:description\" content=\"We invite you to virtually enter P\u0101toromu, where you can explore the space and hear stories from people with a long connection to the church.\" \/>\n<meta property=\"og:url\" content=\"https:\/\/anglicanhistories.org\/tonga\/taonga-stories\/anglicancreativity\/patoromu-church-te-tairawhiti\/\" \/>\n<meta property=\"og:site_name\" content=\"He Taonga Tuku Iho\" \/>\n<meta property=\"article:modified_time\" content=\"2026-03-09T22:41:56+00:00\" \/>\n<meta property=\"og:image\" content=\"https:\/\/anglicanhistories.org\/wp-content\/uploads\/2024\/05\/site-image.jpeg\" \/>\n\t<meta property=\"og:image:width\" content=\"1200\" \/>\n\t<meta property=\"og:image:height\" content=\"675\" \/>\n\t<meta property=\"og:image:type\" content=\"image\/jpeg\" \/>\n<meta name=\"twitter:card\" content=\"summary_large_image\" \/>\n<meta name=\"twitter:label1\" content=\"Est. reading time\" \/>\n\t<meta name=\"twitter:data1\" content=\"8 minutes\" \/>\n<script type=\"application\/ld+json\" class=\"yoast-schema-graph\">{\"@context\":\"https:\\\/\\\/schema.org\",\"@graph\":[{\"@type\":\"WebPage\",\"@id\":\"https:\\\/\\\/anglicanhistories.org\\\/taonga-stories\\\/anglicancreativity\\\/patoromu-church-te-tairawhiti\\\/\",\"url\":\"https:\\\/\\\/anglicanhistories.org\\\/taonga-stories\\\/anglicancreativity\\\/patoromu-church-te-tairawhiti\\\/\",\"name\":\"3D walkthrough: P\u0101toromu Church, Te Tair\u0101whiti | Anglican Histories\",\"isPartOf\":{\"@id\":\"https:\\\/\\\/anglicanhistories.org\\\/#website\"},\"datePublished\":\"2025-11-06T22:08:15+00:00\",\"dateModified\":\"2026-03-09T22:41:56+00:00\",\"description\":\"We invite you to virtually enter P\u0101toromu, where you can explore the space and hear stories from people with a long connection to the church.\",\"breadcrumb\":{\"@id\":\"https:\\\/\\\/anglicanhistories.org\\\/taonga-stories\\\/anglicancreativity\\\/patoromu-church-te-tairawhiti\\\/#breadcrumb\"},\"inLanguage\":\"to\",\"potentialAction\":[{\"@type\":\"ReadAction\",\"target\":[\"https:\\\/\\\/anglicanhistories.org\\\/taonga-stories\\\/anglicancreativity\\\/patoromu-church-te-tairawhiti\\\/\"]}]},{\"@type\":\"BreadcrumbList\",\"@id\":\"https:\\\/\\\/anglicanhistories.org\\\/taonga-stories\\\/anglicancreativity\\\/patoromu-church-te-tairawhiti\\\/#breadcrumb\",\"itemListElement\":[{\"@type\":\"ListItem\",\"position\":1,\"name\":\"Home\",\"item\":\"https:\\\/\\\/anglicanhistories.org\\\/\"},{\"@type\":\"ListItem\",\"position\":2,\"name\":\"\u014c T\u0101tou Taonga | Stories\",\"item\":\"https:\\\/\\\/anglicanhistories.org\\\/taonga-stories\\\/\"},{\"@type\":\"ListItem\",\"position\":3,\"name\":\"Whaihanga Mihinare | Anglican Creativity\",\"item\":\"https:\\\/\\\/anglicanhistories.org\\\/taonga-stories\\\/anglicancreativity\\\/\"},{\"@type\":\"ListItem\",\"position\":4,\"name\":\"P\u0101toromu Church, Wh\u0101ng\u0101r\u0101 Mai Tawhiti, Te Tair\u0101whiti\"}]},{\"@type\":\"WebSite\",\"@id\":\"https:\\\/\\\/anglicanhistories.org\\\/#website\",\"url\":\"https:\\\/\\\/anglicanhistories.org\\\/\",\"name\":\"He T\u0101onga Tuku Iho\",\"description\":\"Anglican | Local | Global | Histories\",\"publisher\":{\"@id\":\"https:\\\/\\\/anglicanhistories.org\\\/#organization\"},\"alternateName\":\"Anglican Histories\",\"potentialAction\":[{\"@type\":\"SearchAction\",\"target\":{\"@type\":\"EntryPoint\",\"urlTemplate\":\"https:\\\/\\\/anglicanhistories.org\\\/?s={search_term_string}\"},\"query-input\":{\"@type\":\"PropertyValueSpecification\",\"valueRequired\":true,\"valueName\":\"search_term_string\"}}],\"inLanguage\":\"to\"},{\"@type\":\"Organization\",\"@id\":\"https:\\\/\\\/anglicanhistories.org\\\/#organization\",\"name\":\"He T\u0101onga Tuko Iho\",\"alternateName\":\"Anglican Histories\",\"url\":\"https:\\\/\\\/anglicanhistories.org\\\/\",\"logo\":{\"@type\":\"ImageObject\",\"inLanguage\":\"to\",\"@id\":\"https:\\\/\\\/anglicanhistories.org\\\/#\\\/schema\\\/logo\\\/image\\\/\",\"url\":\"https:\\\/\\\/anglicanhistories.org\\\/wp-content\\\/uploads\\\/2024\\\/05\\\/site-image.jpeg\",\"contentUrl\":\"https:\\\/\\\/anglicanhistories.org\\\/wp-content\\\/uploads\\\/2024\\\/05\\\/site-image.jpeg\",\"width\":1200,\"height\":675,\"caption\":\"He T\u0101onga Tuko Iho\"},\"image\":{\"@id\":\"https:\\\/\\\/anglicanhistories.org\\\/#\\\/schema\\\/logo\\\/image\\\/\"}}]}<\/script>\n<!-- \/ Yoast SEO plugin. -->","yoast_head_json":{"title":"3D walkthrough: P\u0101toromu Church, Te Tair\u0101whiti | Anglican Histories","description":"We invite you to virtually enter P\u0101toromu, where you can explore the space and hear stories from people with a long connection to the church.","robots":{"index":"index","follow":"follow","max-snippet":"max-snippet:-1","max-image-preview":"max-image-preview:large","max-video-preview":"max-video-preview:-1"},"canonical":"https:\/\/anglicanhistories.org\/tonga\/taonga-stories\/anglicancreativity\/patoromu-church-te-tairawhiti\/","og_locale":"en_US","og_type":"article","og_title":"3D walkthrough: P\u0101toromu Church, Te Tair\u0101whiti | Anglican Histories","og_description":"We invite you to virtually enter P\u0101toromu, where you can explore the space and hear stories from people with a long connection to the church.","og_url":"https:\/\/anglicanhistories.org\/tonga\/taonga-stories\/anglicancreativity\/patoromu-church-te-tairawhiti\/","og_site_name":"He Taonga Tuku Iho","article_modified_time":"2026-03-09T22:41:56+00:00","og_image":[{"width":1200,"height":675,"url":"https:\/\/anglicanhistories.org\/wp-content\/uploads\/2024\/05\/site-image.jpeg","type":"image\/jpeg"}],"twitter_card":"summary_large_image","twitter_misc":{"Est. reading time":"8 minutes"},"schema":{"@context":"https:\/\/schema.org","@graph":[{"@type":"WebPage","@id":"https:\/\/anglicanhistories.org\/taonga-stories\/anglicancreativity\/patoromu-church-te-tairawhiti\/","url":"https:\/\/anglicanhistories.org\/taonga-stories\/anglicancreativity\/patoromu-church-te-tairawhiti\/","name":"3D walkthrough: P\u0101toromu Church, Te Tair\u0101whiti | Anglican Histories","isPartOf":{"@id":"https:\/\/anglicanhistories.org\/#website"},"datePublished":"2025-11-06T22:08:15+00:00","dateModified":"2026-03-09T22:41:56+00:00","description":"We invite you to virtually enter P\u0101toromu, where you can explore the space and hear stories from people with a long connection to the church.","breadcrumb":{"@id":"https:\/\/anglicanhistories.org\/taonga-stories\/anglicancreativity\/patoromu-church-te-tairawhiti\/#breadcrumb"},"inLanguage":"to","potentialAction":[{"@type":"ReadAction","target":["https:\/\/anglicanhistories.org\/taonga-stories\/anglicancreativity\/patoromu-church-te-tairawhiti\/"]}]},{"@type":"BreadcrumbList","@id":"https:\/\/anglicanhistories.org\/taonga-stories\/anglicancreativity\/patoromu-church-te-tairawhiti\/#breadcrumb","itemListElement":[{"@type":"ListItem","position":1,"name":"Home","item":"https:\/\/anglicanhistories.org\/"},{"@type":"ListItem","position":2,"name":"\u014c T\u0101tou Taonga | Stories","item":"https:\/\/anglicanhistories.org\/taonga-stories\/"},{"@type":"ListItem","position":3,"name":"Whaihanga Mihinare | Anglican Creativity","item":"https:\/\/anglicanhistories.org\/taonga-stories\/anglicancreativity\/"},{"@type":"ListItem","position":4,"name":"P\u0101toromu Church, Wh\u0101ng\u0101r\u0101 Mai Tawhiti, Te Tair\u0101whiti"}]},{"@type":"WebSite","@id":"https:\/\/anglicanhistories.org\/#website","url":"https:\/\/anglicanhistories.org\/","name":"He T\u0101onga Tuku Iho","description":"Anglican | Local | Global | Histories","publisher":{"@id":"https:\/\/anglicanhistories.org\/#organization"},"alternateName":"Anglican Histories","potentialAction":[{"@type":"SearchAction","target":{"@type":"EntryPoint","urlTemplate":"https:\/\/anglicanhistories.org\/?s={search_term_string}"},"query-input":{"@type":"PropertyValueSpecification","valueRequired":true,"valueName":"search_term_string"}}],"inLanguage":"to"},{"@type":"Organization","@id":"https:\/\/anglicanhistories.org\/#organization","name":"He T\u0101onga Tuko Iho","alternateName":"Anglican Histories","url":"https:\/\/anglicanhistories.org\/","logo":{"@type":"ImageObject","inLanguage":"to","@id":"https:\/\/anglicanhistories.org\/#\/schema\/logo\/image\/","url":"https:\/\/anglicanhistories.org\/wp-content\/uploads\/2024\/05\/site-image.jpeg","contentUrl":"https:\/\/anglicanhistories.org\/wp-content\/uploads\/2024\/05\/site-image.jpeg","width":1200,"height":675,"caption":"He T\u0101onga Tuko Iho"},"image":{"@id":"https:\/\/anglicanhistories.org\/#\/schema\/logo\/image\/"}}]}},"_links":{"self":[{"href":"https:\/\/anglicanhistories.org\/tonga\/wp-json\/wp\/v2\/pages\/4598","targetHints":{"allow":["GET"]}}],"collection":[{"href":"https:\/\/anglicanhistories.org\/tonga\/wp-json\/wp\/v2\/pages"}],"about":[{"href":"https:\/\/anglicanhistories.org\/tonga\/wp-json\/wp\/v2\/types\/page"}],"author":[{"embeddable":true,"href":"https:\/\/anglicanhistories.org\/tonga\/wp-json\/wp\/v2\/users\/5"}],"replies":[{"embeddable":true,"href":"https:\/\/anglicanhistories.org\/tonga\/wp-json\/wp\/v2\/comments?post=4598"}],"version-history":[{"count":5,"href":"https:\/\/anglicanhistories.org\/tonga\/wp-json\/wp\/v2\/pages\/4598\/revisions"}],"predecessor-version":[{"id":4911,"href":"https:\/\/anglicanhistories.org\/tonga\/wp-json\/wp\/v2\/pages\/4598\/revisions\/4911"}],"up":[{"embeddable":true,"href":"https:\/\/anglicanhistories.org\/tonga\/wp-json\/wp\/v2\/pages\/4585"}],"wp:attachment":[{"href":"https:\/\/anglicanhistories.org\/tonga\/wp-json\/wp\/v2\/media?parent=4598"}],"curies":[{"name":"wp","href":"https:\/\/api.w.org\/{rel}","templated":true}]}}